{"id":1000,"date":"2025-06-03T10:22:37","date_gmt":"2025-06-03T10:22:37","guid":{"rendered":"https:\/\/pisarna.novisplet.com\/dev4\/tkc\/?page_id=1000"},"modified":"2025-08-19T08:40:51","modified_gmt":"2025-08-19T08:40:51","slug":"splosni-pogoji-poslovanja","status":"publish","type":"page","link":"https:\/\/www.tkc.si\/trgovina\/splosni-pogoji-poslovanja\/","title":{"rendered":"Splo\u0161ni pogoji poslovanja"},"content":{"rendered":"<div class=\"wpb-content-wrapper\"><p>[vc_row][vc_column]        \r\n        <div class=\"title-banner no-intro-image \">\r\n        <div class=\"container\">\r\n                  \r\n          <div class=\"breadcrumbs-container\">\r\n            <div class=\"container\">\r\n              <div class=\"breadcrumbs\">\r\n                <p id=\"breadcrumbs\"><span><span><a href=\"https:\/\/www.tkc.si\/trgovina\/\">Domov<\/a><\/span><\/span><\/p>                <div class=\"clearfix\"><\/div>\r\n              <\/div>\r\n            <\/div>\r\n          <\/div>\r\n          <div class=\"container\">\r\n                                              <h1>Splo\u0161ni pogoji poslovanja<\/h1>\r\n                                      <\/div>\r\n               \r\n          \r\n        <\/div>\r\n        <\/div>\r\n        [\/vc_column][\/vc_row][vc_row][vc_column][vc_column_text]<\/p>\n<h3><strong>SPLO\u0160NI POGOJI POSLOVANJA ZA SPLETNO PRODAJO VARILNIH \u017dIC<\/strong><\/h3>\n<ol>\n<li><strong> UVODNE DOLO\u010cBE<\/strong><\/li>\n<\/ol>\n<p>1.1. Spletna trgovina, ki jo vodi podjetje <strong>TKC d.o.o.<\/strong>, s sede\u017eem na Trnovska ulica 8, Ljubljana, mati\u010dna \u0161tevilka: <strong>1689754<\/strong>, dav\u010dna \u0161tevilka: <strong>SI80152082<\/strong> (v nadaljevanju: &#8220;prodajalec&#8221; ali &#8220;podjetje&#8221;), ponuja prodajo varilnih \u017eic in drugih sorodnih izdelkov, ki so na voljo v na\u0161i <a href=\"https:\/\/www.tkc.si\/trgovina\/\">spletni trgovini<\/a> (v nadaljevanju: &#8220;spletna trgovina&#8221;).<\/p>\n<p>1.2. Ti splo\u0161ni pogoji poslovanja (v nadaljevanju: &#8220;pogoji&#8221;) urejajo nakup in prodajo varilnih \u017eic in drugih izdelkov preko spletne trgovine. Z nakupom v spletni trgovini se Kupec strinja z vsemi pogoji poslovanja.<\/p>\n<p>1.3. Kupec je lahko fizi\u010dna oseba ali pravna oseba, ki opravi nakup v spletni trgovini (v nadaljevanju: &#8220;Kupec&#8221;).<\/p>\n<ol start=\"2\">\n<li><strong> POGOJI NAKUPA<\/strong><\/li>\n<\/ol>\n<p>2.1. Nakup v spletni trgovini je mo\u017een samo za registrirane uporabnike, vendar se registracija lahko izvede ob nakupu.<\/p>\n<p>2.2. Kupec mora ob registraciji in nakupu vnesti to\u010dne osebne in kontaktne podatke, ki bodo uporabljeni za izvedbo naro\u010dila, dostavo in morebitno obve\u0161\u010danje o novostih in promocijah podjetja.<\/p>\n<p>2.3. Po oddaji naro\u010dila bo Kupec prejel potrditveno e-sporo\u010dilo, ki vsebuje povzetek naro\u010dila.<\/p>\n<p>2.4. Prodajalec si pridr\u017euje pravico, da brez predhodnega obvestila spremeni cene izdelkov in storitev ter pogoje poslovanja. Spremembe bodo veljavne takoj po objavi na spletni strani.<\/p>\n<ol start=\"3\">\n<li><strong> CENE IN PLA\u010cILNI POGOJI<\/strong><\/li>\n<\/ol>\n<p>3.1. Cene izdelkov so izra\u017eene v EUR in vklju\u010dujejo davek na dodano vrednost (DDV), razen \u010de ni izrecno navedeno druga\u010de.<\/p>\n<p>3.2. Kupec lahko za pla\u010dilo uporabi naslednje na\u010dine:<\/p>\n<ul>\n<li><strong>Ban\u010dno nakazilo<\/strong> (predpla\u010dilo)<\/li>\n<li><strong>Kreditne in debetne kartice<\/strong> (Visa, MasterCard, Maestro, &#8230;)<\/li>\n<\/ul>\n<p>3.3. Kupec je dol\u017ean poravnati celoten znesek naro\u010dila, vklju\u010dno z morebitnimi stro\u0161ki dostave, pred dostavo naro\u010denih izdelkov.<\/p>\n<ol start=\"4\">\n<li><strong> DOSTAVA<\/strong><\/li>\n<\/ol>\n<p>4.1. <strong>Stro\u0161ek dostave po Sloveniji<\/strong> je brezpla\u010den za naro\u010dila v znesku nad vklju\u010dno <strong>300 EUR<\/strong>.<\/p>\n<p>4.2. Za naro\u010dila do <strong>300 EUR<\/strong> je stro\u0161ek dostave <strong>12 EUR<\/strong>.<\/p>\n<p>4.3. Prodajalec bo izdelke dostavil na naslov, ki ga je Kupec navedel v naro\u010dilu.<\/p>\n<p>4.4. Dostava bo izvedena v roku 3-7 delovnih dni, \u010de ni dogovorjeno druga\u010de. Dostavni roki so informativni, vendar si prodajalec pridr\u017euje pravico do zamude zaradi nepredvidenih okoli\u0161\u010din.<\/p>\n<p>4.5. <strong>Osebni prevzem<\/strong> je mo\u017een na naslovu podjetja <strong>TKC d.o.o.<\/strong>, Litostrojska cesta 60, Ljubljana, <strong>od ponedeljka do petka med 8:00 in 14:00 uro<\/strong>. Pri prevzemu ni stro\u0161kov dostave.<\/p>\n<p>4.6. <strong>IZDAJA RA\u010cUNA<\/strong><\/p>\n<p>Prodajalec ob dostavi naro\u010denega blaga kupcu, poleg naro\u010denega izdelka, posreduje ra\u010dun za kupljene izdelke in povzetek naro\u010dila. Na ra\u010dunu so raz\u010dlenjeno na\u0161teti vsi stro\u0161ki v zvezi z nakupom, in sicer cena in koli\u010dina posameznega izdelka, obra\u010dunani DDV in morebitni stro\u0161ek dostave, kot tudi skupna cena.<\/p>\n<ol start=\"5\">\n<li><strong> PRAVICA DO ODSTOPA OD POGODBE<\/strong><\/li>\n<\/ol>\n<p>5.1. Kupec, ki je fizi\u010dna oseba, ima pravico, da v roku 14 dni od prevzema izdelka odstopi od pogodbe brez navajanja razloga. O odstopu mora Kupec obvestiti podjetje pisno ali preko e-po\u0161te na <a href=\"&#x6d;&#97;i&#x6c;&#x74;o:&#x69;&#x6e;fo&#x40;&#116;k&#x63;&#x2e;&#115;i\">&#x69;&#x6e;&#x66;&#111;&#64;tk&#x63;&#x2e;&#x73;&#x69;<\/a>.<\/p>\n<p>5.2. Kupec mora vrniti izdelek v 14 dneh po obvestilu o odstopu od pogodbe. Izdelek mora biti neuporabljen, nepo\u0161kodovan in v originalni embala\u017ei.<\/p>\n<p>5.3. Kupec krije stro\u0161ke vra\u010dila izdelkov.<\/p>\n<p>5.4. V primeru odstopa od pogodbe bo podjetje Kupcu vrnilo pla\u010dani znesek v roku 14 dni po prejemu vrnjenega blaga. Stro\u0161ki dostave niso vra\u010dani.<\/p>\n<ol start=\"6\">\n<li><strong> GARANCIJA IN REKLAMACIJE<\/strong><\/li>\n<\/ol>\n<p>6.1. Na vse izdelke, kupljene v spletni trgovini, velja garancija v skladu z veljavno zakonodajo. Garancijski rok za\u010dne te\u010di z dnem prevzema blaga s strani kupca.<\/p>\n<p>6.2. Kupec mora napako na izdelku ali po\u0161kodbo izdelka sporo\u010diti podjetju v roku 8 dni po prejemu blaga, sicer garancija ne bo priznana.<\/p>\n<p>6.3. Reklamacije je mo\u017eno uveljavljati pisno preko e-po\u0161te na <a href=\"&#109;&#x61;&#105;&#x6c;&#116;&#x6f;&#58;&#x69;&#110;&#x66;o&#x40;t&#x6b;c&#x2e;s&#x69;\">&#x69;&#x6e;fo&#x40;&#x74;&#107;c.&#x73;&#x69;<\/a> ali po po\u0161ti na naslov podjetja.<\/p>\n<p>6.4. Nakup pravnih oseb<\/p>\n<p>Predmetni splo\u0161ni pogoji veljajo tudi v primerih, ko je kupec pravna ali fizi\u010dna oseba, ki opravlja pridobitno dejavnost, ne glede na njeno pravnoorganizacijsko obliko. Za osebe, ki se ne \u0161tejejo za potro\u0161nike po Zakonu o varstvu potro\u0161nikov veljajo dolo\u010dbe zakona in teh splo\u0161nih pogojev le v primerih, kjer je v zakonu posebej navedeno, da veljajo tudi za osebe, ki se po tem zakonu ne \u0161tejejo za potro\u0161nike (na primer glede garancije). Glede ostalih dolo\u010db v razmerju med prodajalcem in kupcem, ki se ne \u0161teje za potro\u0161nika, veljajo dolo\u010dila Obligacijskega zakonika.<\/p>\n<ol start=\"7\">\n<li><strong> VARSTVO OSEBNIH PODATKOV<\/strong><\/li>\n<\/ol>\n<p>7.1. Podjetje TKC d.o.o. se zavezuje, da bo vse osebne podatke, ki jih Kupec posreduje ob nakupu, obdelovalo v skladu z veljavnimi predpisi o varstvu osebnih podatkov.<\/p>\n<p>7.2. Osebni podatki bodo uporabljeni izklju\u010dno za izvedbo naro\u010dila, dostavo in za obve\u0161\u010danje o novostih podjetja, \u010de se Kupec s tem strinja.<\/p>\n<p>7.3. Kupec lahko kadarkoli zahteva izbris svojih osebnih podatkov, ki so bili shranjeni v na\u0161i bazi.<\/p>\n<ol start=\"8\">\n<li><strong> RE\u0160EVANJE SPOROV<\/strong><\/li>\n<\/ol>\n<p>8.1. Vse morebitne spore med podjetjem in Kupcem bo obravnavalo pristojno sodi\u0161\u010de v skladu z zakonodajo Republike Slovenije.<\/p>\n<p>8.2. Pred tem bosta stranki posku\u0161ali spor re\u0161iti mirno z mediacijo ali drugimi alternativnimi metodami re\u0161evanja sporov.<\/p>\n<ol start=\"9\">\n<li><strong> KON\u010cNE DOLO\u010cBE<\/strong><\/li>\n<\/ol>\n<p>9.1. Ti splo\u0161ni pogoji so veljavni od 21.07.2025 in nadome\u0161\u010dajo vse prej\u0161nje pogoje poslovanja.<\/p>\n<p>9.2. Podjetje si pridr\u017euje pravico, da kadarkoli spremeni te pogoje poslovanja. Morebitne spremembe bodo objavljene v spletni trgovini in bodo za\u010dele veljati ob objavi.<\/p>\n<p>9.3. Vse morebitne spremembe, sprememba cen ali sprememba pogojev poslovanja bodo veljavne takoj po objavi na spletni strani podjetja.[\/vc_column_text][\/vc_column][\/vc_row]<\/p>\n<\/div>","protected":false},"excerpt":{"rendered":"<p>[vc_row][vc_column][\/vc_column][\/vc_row][vc_row][vc_column][vc_column_text] SPLO\u0160NI POGOJI POSLOVANJA ZA SPLETNO PRODAJO VARILNIH \u017dIC UVODNE DOLO\u010cBE 1.1. Spletna trgovina, ki jo vodi podjetje TKC d.o.o., s sede\u017eem na Trnovska ulica 8, Ljubljana, mati\u010dna \u0161tevilka: 1689754, dav\u010dna \u0161tevilka: SI80152082 (v nadaljevanju: &#8220;prodajalec&#8221; ali &#8220;podjetje&#8221;), ponuja prodajo varilnih \u017eic in drugih sorodnih izdelkov, ki so na voljo v na\u0161i spletni trgovini (v nadaljevanju: &#8220;spletna trgovina&#8221;). 1.2. Ti splo\u0161ni pogoji poslovanja (v nadaljevanju: &#8220;pogoji&#8221;) urejajo nakup in prodajo varilnih \u017eic in drugih izdelkov preko spletne trgovine. Z nakupom v spletni trgovini se Kupec strinja z vsemi pogoji poslovanja. 1.3. Kupec je lahko fizi\u010dna oseba ali pravna oseba, ki opravi nakup v spletni trgovini (v nadaljevanju: &#8220;Kupec&#8221;). POGOJI NAKUPA 2.1. Nakup v spletni trgovini je mo\u017een samo za registrirane [&hellip;]<\/p>\n","protected":false},"author":1,"featured_media":0,"parent":0,"menu_order":0,"comment_status":"closed","ping_status":"closed","template":"","meta":{"_acf_changed":false,"footnotes":""},"class_list":["post-1000","page","type-page","status-publish","hentry"],"acf":[],"yoast_head":"<!-- This site is optimized with the Yoast SEO plugin v24.2 - https:\/\/yoast.com\/wordpress\/plugins\/seo\/ -->\n<title>Splo\u0161ni pogoji poslovanja - TKC<\/title>\n<meta name=\"robots\" content=\"index, follow, max-snippet:-1, max-image-preview:large, max-video-preview:-1\" \/>\n<link rel=\"canonical\" href=\"https:\/\/www.tkc.si\/trgovina\/splosni-pogoji-poslovanja\/\" \/>\n<meta property=\"og:locale\" content=\"sl_SI\" \/>\n<meta property=\"og:type\" content=\"article\" \/>\n<meta property=\"og:title\" content=\"Splo\u0161ni pogoji poslovanja - TKC\" \/>\n<meta property=\"og:description\" content=\"[vc_row][vc_column][\/vc_column][\/vc_row][vc_row][vc_column][vc_column_text] SPLO\u0160NI POGOJI POSLOVANJA ZA SPLETNO PRODAJO VARILNIH \u017dIC UVODNE DOLO\u010cBE 1.1. Spletna trgovina, ki jo vodi podjetje TKC d.o.o., s sede\u017eem na Trnovska ulica 8, Ljubljana, mati\u010dna \u0161tevilka: 1689754, dav\u010dna \u0161tevilka: SI80152082 (v nadaljevanju: &#8220;prodajalec&#8221; ali &#8220;podjetje&#8221;), ponuja prodajo varilnih \u017eic in drugih sorodnih izdelkov, ki so na voljo v na\u0161i spletni trgovini (v nadaljevanju: &#8220;spletna trgovina&#8221;). 1.2. Ti splo\u0161ni pogoji poslovanja (v nadaljevanju: &#8220;pogoji&#8221;) urejajo nakup in prodajo varilnih \u017eic in drugih izdelkov preko spletne trgovine. Z nakupom v spletni trgovini se Kupec strinja z vsemi pogoji poslovanja. 1.3. Kupec je lahko fizi\u010dna oseba ali pravna oseba, ki opravi nakup v spletni trgovini (v nadaljevanju: &#8220;Kupec&#8221;). POGOJI NAKUPA 2.1. Nakup v spletni trgovini je mo\u017een samo za registrirane [&hellip;]\" \/>\n<meta property=\"og:url\" content=\"https:\/\/www.tkc.si\/trgovina\/splosni-pogoji-poslovanja\/\" \/>\n<meta property=\"og:site_name\" content=\"TKC\" \/>\n<meta property=\"article:publisher\" content=\"https:\/\/www.facebook.com\/people\/TKC-doo\/100072183555176\/\" \/>\n<meta property=\"article:modified_time\" content=\"2025-08-19T08:40:51+00:00\" \/>\n<meta name=\"twitter:card\" content=\"summary_large_image\" \/>\n<meta name=\"twitter:label1\" content=\"Est. reading time\" \/>\n\t<meta name=\"twitter:data1\" content=\"5 minut\" \/>\n<script type=\"application\/ld+json\" class=\"yoast-schema-graph\">{\"@context\":\"https:\/\/schema.org\",\"@graph\":[{\"@type\":\"WebPage\",\"@id\":\"https:\/\/www.tkc.si\/trgovina\/splosni-pogoji-poslovanja\/\",\"url\":\"https:\/\/www.tkc.si\/trgovina\/splosni-pogoji-poslovanja\/\",\"name\":\"Splo\u0161ni pogoji poslovanja - TKC\",\"isPartOf\":{\"@id\":\"https:\/\/www.tkc.si\/trgovina\/#website\"},\"datePublished\":\"2025-06-03T10:22:37+00:00\",\"dateModified\":\"2025-08-19T08:40:51+00:00\",\"breadcrumb\":{\"@id\":\"https:\/\/www.tkc.si\/trgovina\/splosni-pogoji-poslovanja\/#breadcrumb\"},\"inLanguage\":\"sl-SI\",\"potentialAction\":[{\"@type\":\"ReadAction\",\"target\":[\"https:\/\/www.tkc.si\/trgovina\/splosni-pogoji-poslovanja\/\"]}]},{\"@type\":\"BreadcrumbList\",\"@id\":\"https:\/\/www.tkc.si\/trgovina\/splosni-pogoji-poslovanja\/#breadcrumb\",\"itemListElement\":[{\"@type\":\"ListItem\",\"position\":1,\"name\":\"Domov\",\"item\":\"https:\/\/www.tkc.si\/trgovina\/\"},{\"@type\":\"ListItem\",\"position\":2,\"name\":\"Splo\u0161ni pogoji poslovanja\"}]},{\"@type\":\"WebSite\",\"@id\":\"https:\/\/www.tkc.si\/trgovina\/#website\",\"url\":\"https:\/\/www.tkc.si\/trgovina\/\",\"name\":\"TKC\",\"description\":\"\",\"publisher\":{\"@id\":\"https:\/\/www.tkc.si\/trgovina\/#organization\"},\"potentialAction\":[{\"@type\":\"SearchAction\",\"target\":{\"@type\":\"EntryPoint\",\"urlTemplate\":\"https:\/\/www.tkc.si\/trgovina\/?s={search_term_string}\"},\"query-input\":{\"@type\":\"PropertyValueSpecification\",\"valueRequired\":true,\"valueName\":\"search_term_string\"}}],\"inLanguage\":\"sl-SI\"},{\"@type\":\"Organization\",\"@id\":\"https:\/\/www.tkc.si\/trgovina\/#organization\",\"name\":\"TKC\",\"url\":\"https:\/\/www.tkc.si\/trgovina\/\",\"logo\":{\"@type\":\"ImageObject\",\"inLanguage\":\"sl-SI\",\"@id\":\"https:\/\/www.tkc.si\/trgovina\/#\/schema\/logo\/image\/\",\"url\":\"https:\/\/www.tkc.si\/trgovina\/wp-content\/uploads\/2025\/01\/tkc-logo-1.png\",\"contentUrl\":\"https:\/\/www.tkc.si\/trgovina\/wp-content\/uploads\/2025\/01\/tkc-logo-1.png\",\"width\":230,\"height\":56,\"caption\":\"TKC\"},\"image\":{\"@id\":\"https:\/\/www.tkc.si\/trgovina\/#\/schema\/logo\/image\/\"},\"sameAs\":[\"https:\/\/www.facebook.com\/people\/TKC-doo\/100072183555176\/\"]}]}<\/script>\n<!-- \/ Yoast SEO plugin. -->","yoast_head_json":{"title":"Splo\u0161ni pogoji poslovanja - TKC","robots":{"index":"index","follow":"follow","max-snippet":"max-snippet:-1","max-image-preview":"max-image-preview:large","max-video-preview":"max-video-preview:-1"},"canonical":"https:\/\/www.tkc.si\/trgovina\/splosni-pogoji-poslovanja\/","og_locale":"sl_SI","og_type":"article","og_title":"Splo\u0161ni pogoji poslovanja - TKC","og_description":"[vc_row][vc_column][\/vc_column][\/vc_row][vc_row][vc_column][vc_column_text] SPLO\u0160NI POGOJI POSLOVANJA ZA SPLETNO PRODAJO VARILNIH \u017dIC UVODNE DOLO\u010cBE 1.1. Spletna trgovina, ki jo vodi podjetje TKC d.o.o., s sede\u017eem na Trnovska ulica 8, Ljubljana, mati\u010dna \u0161tevilka: 1689754, dav\u010dna \u0161tevilka: SI80152082 (v nadaljevanju: &#8220;prodajalec&#8221; ali &#8220;podjetje&#8221;), ponuja prodajo varilnih \u017eic in drugih sorodnih izdelkov, ki so na voljo v na\u0161i spletni trgovini (v nadaljevanju: &#8220;spletna trgovina&#8221;). 1.2. Ti splo\u0161ni pogoji poslovanja (v nadaljevanju: &#8220;pogoji&#8221;) urejajo nakup in prodajo varilnih \u017eic in drugih izdelkov preko spletne trgovine. Z nakupom v spletni trgovini se Kupec strinja z vsemi pogoji poslovanja. 1.3. Kupec je lahko fizi\u010dna oseba ali pravna oseba, ki opravi nakup v spletni trgovini (v nadaljevanju: &#8220;Kupec&#8221;). POGOJI NAKUPA 2.1. Nakup v spletni trgovini je mo\u017een samo za registrirane [&hellip;]","og_url":"https:\/\/www.tkc.si\/trgovina\/splosni-pogoji-poslovanja\/","og_site_name":"TKC","article_publisher":"https:\/\/www.facebook.com\/people\/TKC-doo\/100072183555176\/","article_modified_time":"2025-08-19T08:40:51+00:00","twitter_card":"summary_large_image","twitter_misc":{"Est. reading time":"5 minut"},"schema":{"@context":"https:\/\/schema.org","@graph":[{"@type":"WebPage","@id":"https:\/\/www.tkc.si\/trgovina\/splosni-pogoji-poslovanja\/","url":"https:\/\/www.tkc.si\/trgovina\/splosni-pogoji-poslovanja\/","name":"Splo\u0161ni pogoji poslovanja - TKC","isPartOf":{"@id":"https:\/\/www.tkc.si\/trgovina\/#website"},"datePublished":"2025-06-03T10:22:37+00:00","dateModified":"2025-08-19T08:40:51+00:00","breadcrumb":{"@id":"https:\/\/www.tkc.si\/trgovina\/splosni-pogoji-poslovanja\/#breadcrumb"},"inLanguage":"sl-SI","potentialAction":[{"@type":"ReadAction","target":["https:\/\/www.tkc.si\/trgovina\/splosni-pogoji-poslovanja\/"]}]},{"@type":"BreadcrumbList","@id":"https:\/\/www.tkc.si\/trgovina\/splosni-pogoji-poslovanja\/#breadcrumb","itemListElement":[{"@type":"ListItem","position":1,"name":"Domov","item":"https:\/\/www.tkc.si\/trgovina\/"},{"@type":"ListItem","position":2,"name":"Splo\u0161ni pogoji poslovanja"}]},{"@type":"WebSite","@id":"https:\/\/www.tkc.si\/trgovina\/#website","url":"https:\/\/www.tkc.si\/trgovina\/","name":"TKC","description":"","publisher":{"@id":"https:\/\/www.tkc.si\/trgovina\/#organization"},"potentialAction":[{"@type":"SearchAction","target":{"@type":"EntryPoint","urlTemplate":"https:\/\/www.tkc.si\/trgovina\/?s={search_term_string}"},"query-input":{"@type":"PropertyValueSpecification","valueRequired":true,"valueName":"search_term_string"}}],"inLanguage":"sl-SI"},{"@type":"Organization","@id":"https:\/\/www.tkc.si\/trgovina\/#organization","name":"TKC","url":"https:\/\/www.tkc.si\/trgovina\/","logo":{"@type":"ImageObject","inLanguage":"sl-SI","@id":"https:\/\/www.tkc.si\/trgovina\/#\/schema\/logo\/image\/","url":"https:\/\/www.tkc.si\/trgovina\/wp-content\/uploads\/2025\/01\/tkc-logo-1.png","contentUrl":"https:\/\/www.tkc.si\/trgovina\/wp-content\/uploads\/2025\/01\/tkc-logo-1.png","width":230,"height":56,"caption":"TKC"},"image":{"@id":"https:\/\/www.tkc.si\/trgovina\/#\/schema\/logo\/image\/"},"sameAs":["https:\/\/www.facebook.com\/people\/TKC-doo\/100072183555176\/"]}]}},"_links":{"self":[{"href":"https:\/\/www.tkc.si\/trgovina\/wp-json\/wp\/v2\/pages\/1000","targetHints":{"allow":["GET"]}}],"collection":[{"href":"https:\/\/www.tkc.si\/trgovina\/wp-json\/wp\/v2\/pages"}],"about":[{"href":"https:\/\/www.tkc.si\/trgovina\/wp-json\/wp\/v2\/types\/page"}],"author":[{"embeddable":true,"href":"https:\/\/www.tkc.si\/trgovina\/wp-json\/wp\/v2\/users\/1"}],"replies":[{"embeddable":true,"href":"https:\/\/www.tkc.si\/trgovina\/wp-json\/wp\/v2\/comments?post=1000"}],"version-history":[{"count":9,"href":"https:\/\/www.tkc.si\/trgovina\/wp-json\/wp\/v2\/pages\/1000\/revisions"}],"predecessor-version":[{"id":2087,"href":"https:\/\/www.tkc.si\/trgovina\/wp-json\/wp\/v2\/pages\/1000\/revisions\/2087"}],"wp:attachment":[{"href":"https:\/\/www.tkc.si\/trgovina\/wp-json\/wp\/v2\/media?parent=1000"}],"curies":[{"name":"wp","href":"https:\/\/api.w.org\/{rel}","templated":true}]}}